se 9, what is 21027 - 4?
21023
In base 7, what is 0 - 3306224?
-3306224
In base 11, what is -1103 + -331?
-1434
In base 2, what is -11 - 110110011110101?
-110110011111000
In base 15, what is -5 + 5738?
5733
In base 11, what is -402535 + -3?
-402538
In base 13, what is 5a + -a058?
-9ccb
In base 8, what is -4470 + -274?
-4764
In base 14, what is -380 - 817?
-b97
In base 15, what is -41547 + 3?
-41544
In base 8, what is -330 - 3423?
-3753
In base 14, what is c39 - b?
c2c
In base 8, what is -125 - 2010?
-2135
In base 7, what is 1602633 - -1?
1602634
In base 11, what is 54 - 4?
50
In base 5, what is 22231331 - -10?
22231341
In base 5, what is 11002200 - -3?
11002203
In base 6, what is -314 - -125330?
125012
In base 11, what is 4 - 13944?
-13940
In base 7, what is 265 + -2532?
-2234
In base 10, what is 67029 + 7?
67036
In base 5, what is 0 - 312434?
-312434
In base 7, what is 2635 + -24453?
-21515
In base 3, what is 2022012 - -11100?
2110112
In base 6, what is 243 + 441?
1124
In base 3, what is 1 + -121001110012?
-121001110011
In base 12, what is -3 - -732?
72b
In base 3, what is -11 - -10112000?
10111212
In base 9, what is 4 + -28582?
-28577
In base 14, what is 2a5cb - 6?
2a5c5
In base 7, what is -120143 + 41?
-120102
In base 10, what is 69268 - -35?
69303
In base 15, what is 4aea - -68?
4b63
In base 4, what is 3330132 + 202?
3331000
In base 14, what is -ac - c7?
-195
In base 11, what is -48113 - 35?
-48148
In base 3, what is 10020222122 - 10?
10020222112
In base 11, what is 1134 + 75?
11a9
In base 16, what is -4 + -dc85?
-dc89
In base 7, what is 24322 - -511?
25133
In base 2, what is -110101 + 1100100001?
1011101100
In base 15, what is 3 - 52ba2?
-52b9e
In base 9, what is 72 - 717?
-635
In base 13, what is 928a + 5?
9292
In base 16, what is 16d + -799?
-62c
In base 11, what is 50274 - 0?
50274
In base 5, what is -4 - 323114?
-323123
In base 11, what is 1 - 1752?
-1751
In base 15, what is b7b2 + 0?
b7b2
In base 6, what is -52221533 - 2?
-52221535
In base 8, what is 7 + 14515?
14524
In base 3, what is 1000 + 112201?
120201
In base 2, what is 11000011 + 11111110?
111000001
In base 6, what is -3035103 + 5?
-3035054
In base 9, what is -52728 - -4?
-52724
In base 12, what is 1572 - -87?
1639
In base 8, what is -151473 - -5?
-151466
In base 4, what is 10 - -30302123?
30302133
In base 15, what is -21a93 + -5?
-21a98
In base 5, what is -13 + -2100333?
-2100401
In base 7, what is -23 - -10051?
10025
In base 3, what is -10 - -22110120210?
22110120200
In base 4, what is 11 + -1023110?
-1023033
In base 5, what is -2002403 - 0?
-2002403
In base 6, what is -44 - -11510?
11422
In base 11, what is -52616 + 1a?
-525a7
In base 3, what is -1210 + -22210?
-101120
In base 7, what is -4 + 26062?
26055
In base 2, what is -1000000010011100011 + -1010?
-1000000010011101101
In base 2, what is -101000111111101 - -100?
-101000111111001
In base 3, what is 10112211021101 - 11?
10112211021020
In base 11, what is -9248 - -33?
-9215
In base 13, what is -1 + 100c?
100b
In base 13, what is -33150 + 3?
-3314a
In base 13, what is -2ba87 - -1?
-2ba86
In base 4, what is 112000 - 1120232?
-1002232
In base 16, what is c19 - 0?
c19
In base 12, what is -281 - 18?
-299
In base 10, what is 2 - -182308?
182310
In base 5, what is -210044 - -32?
-210012
In base 6, what is -22 - -4033?
4011
In base 8, what is -3142 + -51?
-3213
In base 15, what is 5 - 13686a?
-136865
In base 4, what is 1000 + -3211222?
-3210222
In base 3, what is -1212 + -1100222001?
-1101000220
In base 6, what is -2 - 1043302?
-1043304
In base 11, what is -1 - -9a316?
9a315
In base 3, what is -201211 + -20020?
-222001
In base 8, what is 4 - -25227?
25233
In base 3, what is -121 - -1002100011?
1002022120
In base 11, what is 20 + 225?
245
In base 10, what is -144 + -50?
-194
In base 13, what is -25a06 + -5?
-25a0b
In base 8, what is -31 + -5010?
-5041
In base 2, what is 10 - 101000111111?
-101000111101
In base 7, what is -50240 + -2?
-50242
In base 5, what is 343232 - -420?
344202
In base 2, what is -100 - -1001110011100101000?
1001110011100100100
In base 8, what is -11 - -76562?
76551
In base 11, what is -2 + -466a45?
-466a47
In base 13, what is -2 - a4c5?
-a4c7
In base 12, what is 5 + -14792?
-14789
In base 9, what is -36 + 1467?
1431
In base 5, what is 4 + 11014311?
11014320
In base 5, what is -204033 - -11?
-204022
In base 4, what is -11 + -3203033212?
-3203033223
In base 4, what is 2001 - 1010001?
-1002000
In base 4, what is 1210301 + -1033?
1203202
In base 3, what is 1201 + 2002?
10210
In base 2, what is 10011011001000 - 1001?
10011010111111
In base 3, what is -100 + 122200101010?
122200100210
In base 3, what is -22210001001 - 11?
-22210001012
In base 9, what is 16 + -43273?
-43256
In base 10, what is -22 - -5929?
5907
In base 14, what is -506865 + -5?
-50686a
In base 6, what is 11 + 2025043?
2025054
In base 10, what is 42 + 1828?
1870
In base 2, what is 1110 - -101100100111011?
101100101001001
In base 3, what is 10122 - -121222?
202121
In base 4, what is 1323 + 11001310?
11003233
In base 6, what is 0 - -103343540?
103343540
In base 10, what is -320 + -290?
-610
In base 4, what is -33102 + -1321?
-101023
In base 13, what is -6aca - 8c?
-6b89
In base 13, what is 245 - -1c2?
437
In base 4, what is 31003231 + -11?
31003220
In base 15, what is -2d - -27?
-6
In base 14, what is -71 - 268?
-2d9
In base 6, what is -50212 - 2?
-50214
In base 15, what is -d25 + a?
-d1a
In base 10, what is 78282 + 10?
78292
In base 14, what is 5 - -28434?
28439
In base 16, what is 1e + -fa9?
-f8b
In base 3, what is -11002 - -121121210?
121110201
In base 15, what is -24 - ba02?
-ba26
In base 3, what is -10000122 + 12?
-10000110
In base 15, what is -2679 + 69?
-2610
In base 14, what is 4 + -4b65?
-4b61
In base 10, what is 2029 + 3?
2032
In base 16, what is -111 + 94?
-7d
In base 16, what is 1 - 46ce3?
-46ce2
In base 3, what is 1 - 1200002222?
-1200002221
In base 8, what is 2 - -5205?
5207
In base 9, what is 504 + 33?
537
In base 6, what is 21255224 - -2?
21255230
In base 3, what is -21100120112 + 0?
-21100120112
In base 8, what is 11774 + -55?
11717
In base 6, what is 233024304 + -4?
233024300
In base 7, what is 4015 + 254?
4302
In base 3, what is -20 - -212110001?
212102211
In base 13, what is -1784 + -2a?
-17b1
In base 15, what is -3 + -3a90?
-3a93
In base 10, what is -4 - -12630?
12626
In base 12, what is 8 + -36a95?
-36a89
In base 14, what is 89ba + 1?
89bb
In base 2, what is 11011101011 - 1101101100?
1101111111
In base 16, what is -1 + 12dbc4?
12dbc3
In base 10, what is 5 - -44141?
44146
In base 14, what is -1644 + -a?
-1650
In base 12, what is -18633 - -125?
-1850a
In base 11, what is 38a39 + 8?
38a46
In base 10, what is 6089 + -929?
5160
In base 14, what is 112b + 1b9?
1306
In base 3, what is 1122122 + 1002?
1200201
In base 10, what is -151202 + -3?
-151205
In base 6, what is -524151 - -2?
-524145
In base 12, what is 3 + -259869?
-259866
In base 7, what is -156630 + 6?
-156621
In base 11, what is 264537 - 1?
264536
In base 14, what is 55 + 12d1?
1346
In base 12, what is -385b4 - -6?
-385aa
In base 4, what is -20 + 213310230?
213310210
In base 3, what is 11011202 + 11?
11011220
In base 13, what is -30 + -54?
-84
In base 6, what is 5 - 101405?
-101400
In base 10, what is 1260 - 175?
1085
In base 12, what is 80 + -1160?
-10a0
In base 11, what is 1 + -2774?
-2773
In base 9, what is -5 + -61060?
-61065
In base 6, what is -24043 + -554?
-25041
In base 13, what is -2 - c952?
-c954
In base 15, what is -22 + -430?
-452
In base 10, what is -107 + 7?
-100
In base 12, what is -29aa - -a?
-29a0
In base 14, what is 800d - 26?
7dc7
In base 15, what is 33 - 581?
-54d
In base 12, what is 1 + 73b3?
73b4
In base 15, what is -450b + 54?
-44a7
In base 4, what is -10000330 + 130?
-10000200
In base 2, what is 11000101 + -10101?
10110000
In base 8, what is 20220 - -576?
21016
In base 8, what is -433 - -4327?
3674
In base 6, what is 5 + -2544?
-2535
In base 13, what is -9 - -167cc?
167c3
In base 5, what is -4230112 - 2?
-4230114
In base 6, what is 1 - 31051?
-31050
In base 13, what is -c + 44367?
44358
In base 10, what is 1 - -19034?
19035
In base 11, what is 172 + 170?
332
In base 14, what is -19 - 1b0?
-1c9
In base 15, what is -63aa2 + -9?
-63aab
In base 4, what i